{"id":1986,"date":"2025-01-10T09:54:23","date_gmt":"2025-01-10T08:54:23","guid":{"rendered":"https:\/\/derdadesign.de\/?page_id=1986"},"modified":"2026-02-06T21:22:41","modified_gmt":"2026-02-06T20:22:41","slug":"medienkompetenz-fuer-eltern","status":"publish","type":"page","link":"https:\/\/derdadesign.de\/?page_id=1986","title":{"rendered":"Medien-Tipps f\u00fcr Eltern"},"content":{"rendered":"\n<p>Auf diesem &#8222;Padlet&#8220; sammel ich laufend aktuelle Links f\u00fcr n\u00fctzliche Informationsquellen, Praxistipps und wissenschaftliche und gesellschaftliche Erkenntnisse rund um den Jugendschutz in digitalen Medien.<\/p>\n\n\n\n<div style=\"height:30px\" aria-hidden=\"true\" class=\"wp-block-spacer\"><\/div>\n\n\n\n<figure class=\"wp-block-image size-large is-resized\"><a href=\"https:\/\/padlet.com\/gderdadesign\/schwimmen-lernen-im-digitalen-meer-cwghmiixfmakhmrw\" target=\"_blank\" rel=\" noreferrer noopener\"><img loading=\"lazy\" decoding=\"async\" width=\"1920\" height=\"1079\" src=\"https:\/\/derdadesign.de\/wp-content\/uploads\/2026\/01\/padlet-cwghmiixfmakhmrw-edited.jpeg\" alt=\"\" class=\"wp-image-2449\" style=\"width:827px;height:auto\" srcset=\"https:\/\/derdadesign.de\/wp-content\/uploads\/2026\/01\/padlet-cwghmiixfmakhmrw-edited.jpeg 1920w, https:\/\/derdadesign.de\/wp-content\/uploads\/2026\/01\/padlet-cwghmiixfmakhmrw-edited-300x169.jpeg 300w, https:\/\/derdadesign.de\/wp-content\/uploads\/2026\/01\/padlet-cwghmiixfmakhmrw-edited-1024x575.jpeg 1024w, https:\/\/derdadesign.de\/wp-content\/uploads\/2026\/01\/padlet-cwghmiixfmakhmrw-edited-768x432.jpeg 768w, https:\/\/derdadesign.de\/wp-content\/uploads\/2026\/01\/padlet-cwghmiixfmakhmrw-edited-1536x863.jpeg 1536w\" sizes=\"auto, (max-width: 1920px) 100vw, 1920px\" \/><\/a><\/figure>\n\n\n\n<p class=\"has-text-align-center\"><a href=\"https:\/\/padlet.com\/gderdadesign\/schwimmen-lernen-im-digitalen-meer-cwghmiixfmakhmrw\" target=\"_blank\" rel=\"noreferrer noopener\">Padlet mit Link-Tipps f\u00fcr Eltern<\/a><\/p>\n\n\n\n<p>Mit dieser Sammlung m\u00f6chte ich Erziehungsberechtigte dabei unterst\u00fctzen im unendlichen Strom der Medienlandschaft immer auf dem Laufenden zu bleiben. Meine Tipps hierf\u00fcr sind:<\/p>\n\n\n\n<ul class=\"wp-block-list\">\n<li>Folgt auf sozialen Netzwerken Kan\u00e4len, die sich mit dem Thema Medienkompetenz regelm\u00e4\u00dfig besch\u00e4ftigen<\/li>\n\n\n\n<li>Abonniert Email-Newsletter von Institutionen zum Thema Jugendschutz und digitale Medien<\/li>\n\n\n\n<li>Nutzt die Angebote, die eure Kinder nutzen selbst und bekommt einen eigenen Eindruck von den sozialen Netzwerken, Spielen und Werkzeugen.<\/li>\n\n\n\n<li>Richtet alle Ger\u00e4te, die eure Kinder benutzen so ein, dass die altersgerechten Jugendschutzeinstellungen gew\u00e4hrleistet sind. <\/li>\n<\/ul>\n\n\n\n<p><\/p>\n","protected":false},"excerpt":{"rendered":"<p>Auf diesem &#8222;Padlet&#8220; sammel ich laufend aktuelle Links f\u00fcr n\u00fctzliche Informationsquellen, Praxistipps und wissenschaftliche und gesellschaftliche Erkenntnisse rund um den&hellip; <\/p>\n","protected":false},"author":2,"featured_media":0,"parent":0,"menu_order":0,"comment_status":"closed","ping_status":"closed","template":"","meta":{"footnotes":""},"class_list":["post-1986","page","type-page","status-publish","hentry"],"_links":{"self":[{"href":"https:\/\/derdadesign.de\/index.php?rest_route=\/wp\/v2\/pages\/1986","targetHints":{"allow":["GET"]}}],"collection":[{"href":"https:\/\/derdadesign.de\/index.php?rest_route=\/wp\/v2\/pages"}],"about":[{"href":"https:\/\/derdadesign.de\/index.php?rest_route=\/wp\/v2\/types\/page"}],"author":[{"embeddable":true,"href":"https:\/\/derdadesign.de\/index.php?rest_route=\/wp\/v2\/users\/2"}],"replies":[{"embeddable":true,"href":"https:\/\/derdadesign.de\/index.php?rest_route=%2Fwp%2Fv2%2Fcomments&post=1986"}],"version-history":[{"count":16,"href":"https:\/\/derdadesign.de\/index.php?rest_route=\/wp\/v2\/pages\/1986\/revisions"}],"predecessor-version":[{"id":2457,"href":"https:\/\/derdadesign.de\/index.php?rest_route=\/wp\/v2\/pages\/1986\/revisions\/2457"}],"wp:attachment":[{"href":"https:\/\/derdadesign.de\/index.php?rest_route=%2Fwp%2Fv2%2Fmedia&parent=1986"}],"curies":[{"name":"wp","href":"https:\/\/api.w.org\/{rel}","templated":true}]}}